se
Is 989557 a composite number?
False
Is 55291 composite?
False
Is 96413 a composite number?
True
Is 869545 prime?
False
Is 30869 prime?
True
Is 1115 prime?
False
Is 812047 a composite number?
False
Is 62591 prime?
True
Is 351257 prime?
True
Is 275953 a composite number?
True
Is 3511 composite?
False
Is 9518 a prime number?
False
Is 5167 a prime number?
True
Is 399667 a composite number?
False
Is 70071 a prime number?
False
Is 73999 a prime number?
True
Is 111077 composite?
True
Is 4511 a prime number?
False
Is 981263 prime?
True
Is 14393 a prime number?
False
Is 23383 composite?
True
Is 420577 composite?
True
Is 121831 a composite number?
True
Is 41011 a composite number?
False
Is 3545 a composite number?
True
Is 69313 prime?
True
Is 10097 a composite number?
True
Is 3045311 a prime number?
True
Is 44167 composite?
True
Is 82129 composite?
False
Is 11249 prime?
False
Is 335381 prime?
True
Is 391 prime?
False
Is 104243 a composite number?
False
Is 2723 composite?
True
Is 62741 prime?
False
Is 13649 a prime number?
True
Is 94495 a composite number?
True
Is 1011937 prime?
True
Is 2237719 prime?
False
Is 2995 prime?
False
Is 383483 a prime number?
True
Is 1591621 a composite number?
False
Is 44651 a composite number?
False
Is 244733 composite?
False
Is 165455 prime?
False
Is 709 composite?
False
Is 231067 composite?
False
Is 258601 prime?
False
Is 336857 composite?
False
Is 2119229 composite?
True
Is 43889 a composite number?
False
Is 1609817 a composite number?
True
Is 270197 a prime number?
False
Is 7969 prime?
False
Is 8263 a prime number?
True
Is 35821 a prime number?
False
Is 35051 prime?
True
Is 3163 composite?
False
Is 9601 a composite number?
False
Is 13341 prime?
False
Is 131671 a prime number?
True
Is 188459 composite?
False
Is 274145 a composite number?
True
Is 70867 a prime number?
True
Is 52709 a prime number?
True
Is 17785 a composite number?
True
Is 170851 prime?
True
Is 4499 composite?
True
Is 881531 composite?
True
Is 172651 composite?
True
Is 35521 composite?
False
Is 68641 prime?
False
Is 157865 a composite number?
True
Is 15727 a composite number?
False
Is 3937 a composite number?
True
Is 450691 a composite number?
False
Is 6619 composite?
False
Is 64243 composite?
True
Is 12661 prime?
False
Is 434771 composite?
True
Is 5331 a composite number?
True
Is 922601 prime?
True
Is 49355 a composite number?
True
Is 1459 a composite number?
False
Is 58211 a prime number?
True
Is 13423 prime?
False
Is 936933 composite?
True
Is 397897 a composite number?
False
Is 24359 a prime number?
True
Is 7331 composite?
False
Is 8578 a prime number?
False
Is 35669 composite?
True
Is 8039 a prime number?
True
Is 1014763 composite?
False
Is 135697 a prime number?
True
Is 1755651 composite?
True
Is 774007 a prime number?
False
Is 8999 composite?
False
Is 2302579 a composite number?
False
Is 1247 a prime number?
False
Is 24067 prime?
False
Is 77137 a composite number?
False
Is 794593 composite?
False
Is 787 a prime number?
True
Is 3137 prime?
True
Is 657989 a prime number?
False
Is 7617 composite?
True
Is 208367 prime?
True
Is 213419 prime?
False
Is 11239 a composite number?
False
Is 18799 composite?
True
Is 21 a prime number?
False
Is 517 composite?
True
Is 5111 a composite number?
True
Is 102269 composite?
True
Is 49157 a prime number?
True
Is 257783 composite?
False
Is 3457 a prime number?
True
Is 220747 a prime number?
True
Is 1289099 composite?
True
Is 631483 composite?
False
Is 154229 a composite number?
False
Is 2423791 composite?
True
Is 34667 a prime number?
True
Is 231314 prime?
False
Is 421723 composite?
True
Is 393333 composite?
True
Is 205129 a composite number?
False
Is 4135 prime?
False
Is 158 a prime number?
False
Is 10541 prime?
False
Is 65887 composite?
True
Is 39881 a prime number?
False
Is 13073 a prime number?
False
Is 1406497 a prime number?
True
Is 30062 prime?
False
Is 4919 a prime number?
True
Is 447311 prime?
True
Is 628447 prime?
True
Is 1451929 a prime number?
True
Is 133153 prime?
True
Is 156241 prime?
True
Is 483377 a prime number?
True
Is 10687 composite?
False
Is 553549 prime?
True
Is 378461 composite?
True
Is 1171558 a prime number?
False
Is 562027 prime?
False
Is 83659 a composite number?
True
Is 24229 composite?
False
Is 1293 a composite number?
True
Is 34269 a composite number?
True
Is 62431 composite?
True
Is 111571 prime?
False
Is 21737 a composite number?
False
Is 19609 a composite number?
False
Is 64969 prime?
True
Is 130079 a composite number?
False
Is 8597 a composite number?
False
Is 1287031 a prime number?
False
Is 18979 a prime number?
True
Is 44921 composite?
True
Is 214967 prime?
True
Is 41711 composite?
True
Is 167 composite?
False
Is 110161 a prime number?
True
Is 70481 composite?
False
Is 12239 a prime number?
True
Is 159587 a prime number?
False
Is 5631 composite?
True
Is 21211 composite?
False
Is 38299 prime?
True
Is 6521 composite?
False
Is 70943 a composite number?
True
Is 1693 prime?
True
Is 1901 prime?
True
Is 4861 a prime number?
True
Is 14699 a prime number?
True
Is 473001 a prime number?
False
Is 3427 a prime number?
False
Is 54617 a composite number?
False
Is 251383 composite?
True
Is 17519 composite?
False
Is 1275577 composite?
True
Is 273237 a prime number?
False
Is 28837 composite?
False
Is 74249 a prime number?
False
Is 7223 prime?
False
Is 824099 a composite number?
False
Is 21674 composite?
True
Is 178987 composite?
False
Is 41771 composite?
False
Is 849179 composite?
False
Is 74371 prime?
False
Is 2749 composite?
False
Is 220009 prime?
True
Is 3593 composite?
False
Is 40861 prime?
False
Is 290877 a prime number?
False
Is 466243 prime?
True
Is 2095 a composite number?
True
Is 350087 prime?
True
Is 4777 a prime number?
False
Is 11699 a composite number?
False
Is 7979 composite?
True
Is 43915 prime?
False
Is 425033 prime?
False
Is 6801 composite?
True
Is 381709 composite?
True
Is 664321 composite?
True
Is 614551 prime?
False
Is 212557 prime?
True
Is 1294745 a prime number?
False
Is 5963 prime?
False
Is 1041811 prime?
False
Is 4646339 a prime number?
True
Is 213823 prime?
False
Is 133241 prime?
True
Is 202717 a prime number?
True
Is 511465 prime?
False
Is 1412506 prime?
False
Is 1216577 prime?
True
Is 6185 prime?
False
Is 275635 composite?
True
Is 361055 a composite number?
True
Is 2323 a composite number?
True
Is 617377 a prime number?
False
Is 558149 a composite number?
False
Is 220123 a composite number?
False
Is 12953 composite?
False
Is 643109 composite?
True
Is 161 a composite number?
True
Is 826631 a composite number?
True
Is 7039 a composite number?
False
Is 11987 a prime number?
True
Is 117803 a composite number?
True
Is 63619 a prime number?
False
Is 506479 composite?
False
Is 137419 prime?
False
Is 519 prime?
False
Is 487735 prime?
False
Is 856913 a composite number?
True
Is 295705 a prime number?
False
Is 2609 prime?
True
Is 421607 a prime number?
True
Is 15427 a composite number?
False
Is 12287 prime?
False
Is 28439 composite?
False
Is 16106 composite?
True
Is 25387 a composite number?
True
Is 97187 prime?
True
Is 14458 composite?
True
Is 195905 prime?
False
Is 9811 composite?
False
Is 24861 composite?
True
Is 4703 a composite number?
False
Is 1777 prime?
True
Is 114067 a composite number?
False
Is 89291 composite?
True
Is 931723 a prime number?
False
Is 669 a composite number?
True
Is 50789 a composite number?
False
Is 367463 a prime number?
False
Is 66358 composite?
True
Is 5813 a prime number?
True
Is 54449 a prime number?
True
Is 15557 prime?
False
Is 225451 a composite number?
True
Is 2861 a composite number?
False
Is 1171363 a composite number?
True
Is 167249 a prime number?
True
Is 23449 composite?
True
Is 137009 a prime number?
False
Is 298643 a composite number?
True
Is 11599 prime?
False
Is 8359 prime?
False
Is 13327 a composite number?
False
Is 4267 a prime number?
False
Is 221027 prime?
False
Is 1092587 composite?
True
Is 108487 prime?
False
Is 344261 a composite number?
True
Is 11549 prime?
True
Is 89371 a composite number?
False
Is 2863 prime?
False
Is 1087113 composite?
True
Is 2028247 prime?
False
Is 32441 prime?
True
Is 270159 a composite number?
True
Is 3029 prime?
False
Is 5773 composite?
True
Is 11657 composite?
False
Is 8114 a prime number?
False
Is 82